rime factors of 407967?
3, 7, 19427
List the prime factors of 9416388.
2, 3, 41, 19139
List the prime factors of 161143.
17, 9479
What are the prime factors of 20081?
43, 467
What are the prime factors of 328920?
2, 3, 5, 2741
What are the prime factors of 129088?
2, 2017
List the prime factors of 1099118.
2, 17, 32327
What are the prime factors of 16533861?
3, 5511287
List the prime factors of 16205172.
2, 3, 773, 1747
What are the prime factors of 5169023?
5169023
List the prime factors of 13969107.
3, 1552123
What are the prime factors of 7605?
3, 5, 13
What are the prime factors of 1611388?
2, 402847
List the prime factors of 260509.
19, 13711
List the prime factors of 5452809.
3, 1817603
What are the prime factors of 1267289?
461, 2749
List the prime factors of 1322701.
41, 32261
List the prime factors of 2446267.
233, 10499
List the prime factors of 9944487.
3, 7, 23, 6863
List the prime factors of 430589.
430589
What are the prime factors of 343705?
5, 53, 1297
What are the prime factors of 25138773?
3, 11, 271, 937
What are the prime factors of 378152?
2, 47269
List the prime factors of 105114.
2, 3, 17519
What are the prime factors of 31638556?
2, 7909639
List the prime factors of 52048.
2, 3253
List the prime factors of 85424.
2, 19, 281
What are the prime factors of 33671285?
5, 6734257
What are the prime factors of 12331121?
11, 1121011
List the prime factors of 245683.
245683
List the prime factors of 1749593.
41, 139, 307
List the prime factors of 215218.
2, 107609
What are the prime factors of 14201109?
3, 13, 40459
What are the prime factors of 5215738?
2, 11, 79, 3001
What are the prime factors of 2204755?
5, 7, 8999
What are the prime factors of 914953?
13, 70381
List the prime factors of 14555016.
2, 3, 7, 28879
What are the prime factors of 4103995?
5, 7, 2393
List the prime factors of 194366.
2, 157, 619
What are the prime factors of 5191604?
2, 11, 117991
List the prime factors of 910497.
3, 7, 191, 227
List the prime factors of 217301.
7, 37, 839
What are the prime factors of 58718?
2, 11, 17, 157
What are the prime factors of 236334?
2, 3, 7, 17, 331
List the prime factors of 80894.
2, 11, 3677
What are the prime factors of 1176803?
19, 241, 257
What are the prime factors of 43112?
2, 17, 317
List the prime factors of 87648.
2, 3, 11, 83
What are the prime factors of 8288303?
23, 89, 4049
What are the prime factors of 686473?
686473
List the prime factors of 17777645.
5, 1093, 3253
What are the prime factors of 5348757?
3, 37, 48187
What are the prime factors of 108407?
13, 31, 269
List the prime factors of 979285.
5, 17, 41, 281
What are the prime factors of 15794793?
3, 7, 239, 1049
What are the prime factors of 1116489?
3, 11, 23, 1471
List the prime factors of 858805.
5, 171761
What are the prime factors of 346143?
3, 7, 53, 311
List the prime factors of 273166.
2, 73, 1871
What are the prime factors of 1278366?
2, 3, 17, 83, 151
What are the prime factors of 5449517?
1187, 4591
What are the prime factors of 85549?
85549
What are the prime factors of 8208074?
2, 7, 586291
List the prime factors of 17749128.
2, 3, 541, 1367
What are the prime factors of 10051?
19, 23
What are the prime factors of 4937584?
2, 61, 5059
What are the prime factors of 357682?
2, 13, 13757
List the prime factors of 9571180.
2, 5, 373, 1283
What are the prime factors of 126943?
126943
List the prime factors of 244605.
3, 5, 23, 709
List the prime factors of 1296535.
5, 349, 743
List the prime factors of 363365.
5, 72673
What are the prime factors of 549199?
7, 67, 1171
List the prime factors of 22861201.
11, 761, 2731
List the prime factors of 462415.
5, 23, 4021
List the prime factors of 285948.
2, 3, 13, 47
List the prime factors of 306852.
2, 3, 7, 13, 281
What are the prime factors of 13498796?
2, 151, 22349
List the prime factors of 69920.
2, 5, 19, 23
List the prime factors of 6460472.
2, 807559
List the prime factors of 254250.
2, 3, 5, 113
What are the prime factors of 346689?
3, 7, 5503
List the prime factors of 64621.
64621
What are the prime factors of 892012?
2, 11, 19, 97
List the prime factors of 2746016.
2, 7, 13, 23, 41
List the prime factors of 19216.
2, 1201
List the prime factors of 28214193.
3, 7, 71, 127, 149
List the prime factors of 9577792.
2, 7, 21379
List the prime factors of 34437508.
2, 7, 1229911
What are the prime factors of 12576669?
3, 7, 31, 19319
What are the prime factors of 6283293?
3, 457, 4583
List the prime factors of 20179754.
2, 7, 1441411
What are the prime factors of 971263?
971263
What are the prime factors of 123455?
5, 24691
What are the prime factors of 18796272?
2, 3, 11, 97, 367
What are the prime factors of 3047493?
3, 293, 3467
List the prime factors of 17257901.
89, 211, 919
What are the prime factors of 3498891?
3, 11, 229, 463
List the prime factors of 3390693.
3, 239, 4729
List the prime factors of 8691020.
2, 5, 13, 33427
What are the prime factors of 405880?
2, 5, 73, 139
What are the prime factors of 443758?
2, 7, 29, 1093
List the prime factors of 288577.
288577
What are the prime factors of 380231?
380231
What are the prime factors of 3090766?
2, 7, 277, 797
List the prime factors of 11953732.
2, 7, 426919
What are the prime factors of 299564?
2, 74891
List the prime factors of 12864708.
2, 3, 357353
What are the prime factors of 409868?
2, 19, 5393
What are the prime factors of 4897127?
887, 5521
What are the prime factors of 8356055?
5, 1671211
List the prime factors of 104997.
3, 31, 1129
List the prime factors of 834325.
5, 23, 1451
What are the prime factors of 11471837?
13, 882449
List the prime factors of 3814622.
2, 7, 53, 97
What are the prime factors of 27539?
27539
List the prime factors of 85147.
85147
What are the prime factors of 9424992?
2, 3, 31, 3167
List the prime factors of 3150052.
2, 787513
List the prime factors of 590427.
3, 17, 227
List the prime factors of 16872084.
2, 3, 29, 5387
List the prime factors of 29314373.
11, 2664943
List the prime factors of 320614.
2, 7, 22901
List the prime factors of 32685.
3, 5, 2179
List the prime factors of 5379370.
2, 5, 73, 7369
List the prime factors of 940679.
71, 13249
What are the prime factors of 28329691?
13, 31, 70297
List the prime factors of 153020.
2, 5, 7, 1093
What are the prime factors of 317434?
2, 13, 29, 421
What are the prime factors of 6961983?
3, 7, 331523
List the prime factors of 2586751.
43, 1399
What are the prime factors of 23929535?
5, 7, 683701
List the prime factors of 3352531.
7, 13, 19, 277
What are the prime factors of 6464903?
277, 23339
What are the prime factors of 1394884?
2, 17, 73, 281
What are the prime factors of 13049941?
19, 43, 15973
What are the prime factors of 388813?
388813
What are the prime factors of 117313?
7, 16759
List the prime factors of 734283.
3, 11, 7417
What are the prime factors of 662725?
5, 7, 541
What are the prime factors of 189634?
2, 53, 1789
List the prime factors of 19768832.
2, 38611
List the prime factors of 646243.
13, 49711
List the prime factors of 4693470.
2, 3, 5, 101, 1549
What are the prime factors of 9792049?
19, 515371
What are the prime factors of 239234?
2, 119617
What are the prime factors of 21232345?
5, 4246469
List the prime factors of 589085.
5, 7, 16831
What are the prime factors of 4702778?
2, 17, 157, 881
What are the prime factors of 104305?
5, 23, 907
List the prime factors of 750583.
773, 971
List the prime factors of 11276896.
2, 352403
What are the prime factors of 130284?
2, 3, 7, 11, 47
What are the prime factors of 1231284?
2, 3, 102607
What are the prime factors of 481743?
3, 53527
List the prime factors of 304756.
2, 61, 1249
What are the prime factors of 545569?
31, 17599
List the prime factors of 19754686.
2, 7, 1411049
List the prime factors of 1290800.
2, 5, 7, 461
What are the prime factors of 2137059?
3, 101, 2351
List the prime factors of 254296.
2, 7, 19, 239
What are the prime factors of 26016?
2, 3, 271
List the prime factors of 450794.
2, 19, 11863
What are the prime factors of 815404?
2, 19, 10729
What are the prime factors of 192774?
2, 3, 19, 89
List the prime factors of 7955049.
3, 2651683
What are the prime factors of 99205?
5, 19841
List the prime factors of 5584039.
5584039
What are the prime factors of